thousands digit of 4450645?
5
What is the ten thousands digit of 137486?
3
What is the thousands digit of 1777237?
7
What is the thousands digit of 70105?
0
What is the hundred thousands digit of 575745?
5
What is the hundred thousands digit of 972122?
9
What is the millions digit of 12346638?
2
What is the hundreds digit of 2266123?
1
What is the hundreds digit of 8261153?
1
What is the units digit of 954572?
2
What is the millions digit of 20807313?
0
What is the tens digit of 7062758?
5
What is the hundreds digit of 60506?
5
What is the ten thousands digit of 30014607?
1
What is the hundred thousands digit of 314883?
3
What is the thousands digit of 433988?
3
What is the hundred thousands digit of 1522118?
5
What is the millions digit of 11831695?
1
What is the ten thousands digit of 166010?
6
What is the thousands digit of 640618?
0
What is the hundred thousands digit of 3170426?
1
What is the tens digit of 3863063?
6
What is the ten thousands digit of 736932?
3
What is the units digit of 1566704?
4
What is the tens digit of 2203652?
5
What is the hundred thousands digit of 347787?
3
What is the units digit of 24774?
4
What is the tens digit of 386801?
0
What is the ten millions digit of 27106218?
2
What is the millions digit of 5712509?
5
What is the ten thousands digit of 99316?
9
What is the units digit of 773872?
2
What is the hundreds digit of 353513?
5
What is the units digit of 6798448?
8
What is the hundred thousands digit of 185900?
1
What is the ten millions digit of 40867102?
4
What is the tens digit of 191904?
0
What is the units digit of 77711?
1
What is the units digit of 105055?
5
What is the tens digit of 177960?
6
What is the ten thousands digit of 943684?
4
What is the thousands digit of 964319?
4
What is the thousands digit of 188039?
8
What is the hundreds digit of 8822650?
6
What is the units digit of 319561?
1
What is the hundreds digit of 315570?
5
What is the hundreds digit of 24677?
6
What is the tens digit of 4348047?
4
What is the tens digit of 7875527?
2
What is the tens digit of 521617?
1
What is the hundred thousands digit of 23454675?
4
What is the hundreds digit of 248654?
6
What is the ten thousands digit of 713004?
1
What is the hundred thousands digit of 10148726?
1
What is the millions digit of 13644425?
3
What is the thousands digit of 6747009?
7
What is the hundreds digit of 743412?
4
What is the hundreds digit of 4133?
1
What is the thousands digit of 51259?
1
What is the tens digit of 2803208?
0
What is the ten thousands digit of 1323392?
2
What is the units digit of 4713641?
1
What is the tens digit of 77814?
1
What is the tens digit of 27201?
0
What is the millions digit of 27679680?
7
What is the units digit of 5459525?
5
What is the hundreds digit of 4196938?
9
What is the millions digit of 8718805?
8
What is the ten thousands digit of 1212098?
1
What is the tens digit of 5209385?
8
What is the millions digit of 1061787?
1
What is the thousands digit of 893222?
3
What is the units digit of 498503?
3
What is the hundred thousands digit of 300373?
3
What is the hundreds digit of 7135056?
0
What is the thousands digit of 15520003?
0
What is the units digit of 129679?
9
What is the ten thousands digit of 712868?
1
What is the thousands digit of 3550391?
0
What is the tens digit of 206386?
8
What is the hundreds digit of 1065163?
1
What is the tens digit of 2738210?
1
What is the thousands digit of 104238?
4
What is the hundred thousands digit of 1127368?
1
What is the thousands digit of 7425463?
5
What is the units digit of 158225?
5
What is the units digit of 2602279?
9
What is the hundreds digit of 199264?
2
What is the hundred thousands digit of 276905?
2
What is the tens digit of 69510?
1
What is the ten thousands digit of 2778895?
7
What is the thousands digit of 16243703?
3
What is the units digit of 247510?
0
What is the units digit of 14891754?
4
What is the thousands digit of 19771530?
1
What is the thousands digit of 5929669?
9
What is the tens digit of 390683?
8
What is the ten thousands digit of 1765552?
6
What is the ten millions digit of 16937329?
1
What is the units digit of 1283641?
1
What is the thousands digit of 2153918?
3
What is the tens digit of 803829?
2
What is the ten millions digit of 16661819?
1
What is the ten thousands digit of 13388232?
8
What is the millions digit of 2742033?
2
What is the ten thousands digit of 7292609?
9
What is the thousands digit of 1000752?
0
What is the hundred thousands digit of 360255?
3
What is the thousands digit of 13230436?
0
What is the ten thousands digit of 103202?
0
What is the ten thousands digit of 4798437?
9
What is the ten thousands digit of 97306?
9
What is the units digit of 812428?
8
What is the tens digit of 11275640?
4
What is the millions digit of 7453085?
7
What is the ten thousands digit of 1292903?
9
What is the thousands digit of 13968021?
8
What is the ten thousands digit of 815149?
1
What is the units digit of 888435?
5
What is the millions digit of 19326271?
9
What is the millions digit of 1016768?
1
What is the hundred thousands digit of 673259?
6
What is the hundreds digit of 538618?
6
What is the ten thousands digit of 344991?
4
What is the millions digit of 3737661?
3
What is the hundreds digit of 556547?
5
What is the ten millions digit of 32623838?
3
What is the thousands digit of 328699?
8
What is the thousands digit of 170416?
0
What is the tens digit of 2023930?
3
What is the thousands digit of 167529?
7
What is the hundreds digit of 9739341?
3
What is the units digit of 275415?
5
What is the millions digit of 19154319?
9
What is the hundreds digit of 5634750?
7
What is the ten thousands digit of 5880145?
8
What is the millions digit of 6383516?
6
What is the hundreds digit of 5519605?
6
What is the thousands digit of 153344?
3
What is the hundred thousands digit of 1379446?
3
What is the tens digit of 1232305?
0
What is the ten thousands digit of 16901034?
0
What is the thousands digit of 77629?
7
What is the units digit of 136624?
4
What is the tens digit of 17253731?
3
What is the units digit of 665022?
2
What is the hundreds digit of 22273071?
0
What is the ten thousands digit of 298733?
9
What is the ten thousands digit of 3917298?
1
What is the units digit of 1500454?
4
What is the hundreds digit of 3260420?
4
What is the units digit of 2192848?
8
What is the millions digit of 1026395?
1
What is the units digit of 1347253?
3
What is the ten thousands digit of 841702?
4
What is the ten thousands digit of 159025?
5
What is the hundred thousands digit of 30923821?
9
What is the millions digit of 1042490?
1
What is the units digit of 14260278?
8
What is the millions digit of 4728411?
4
What is the thousands digit of 196334?
6
What is the units digit of 2456471?
1
What is the hundreds digit of 16969454?
4
What is the tens digit of 207016?
1
What is the ten thousands digit of 369574?
6
What is the tens digit of 700488?
8
What is the ten thousands digit of 3368603?
6
What is the hundred thousands digit of 8275996?
2
What is the ten thousands digit of 86762?
8
What is the hundred thousands digit of 277470?
2
What is the ten thousands digit of 16156106?
5
What is the tens digit of 74577?
7
What is the tens digit of 12787365?
6
What is the ten thousands digit of 2525353?
2
What is the ten thousands digit of 576639?
7
What is the ten thousands digit of 224964?
2
What is the hundreds digit of 1147480?
4
What is the tens digit of 1426366?
6
What is the ten thousands digit of 1549657?
4
What is the units digit of 1085614?
4
What is the ten thousands digit of 18289321?
8
What is the ten thousands digit of 56528?
5
What is the hundred thousands digit of 2257639?
2
What is the millions digit of 15783176?
5
What is the hundreds digit of 546147?
1
What is the tens digit of 118584?
8
What is the tens digit of 379042?
4
What is the hundred thousands digit of 2350965?
3
What is the ten millions digit of 17683212?
1
What is the thousands digit of 907588?
7
What is the tens digit of 1301464?
6
What is the ten millions digit of 29051342?
2
What is the ten thousands digit of 496840?
9
What is the units digit of 3249695?
5
What is the hundred thousands digit of 3336021?
3
What is the thousands digit of 1807251?
7
What is the th